*q + 2. What is p(-8)?
-6
Let b(y) = -14*y - 246. What is b(-6)?
-162
Let t(q) = 2*q**2 + 274*q + 1561. Determine t(-6).
-11
Let w(g) = -387*g - 364. Calculate w(-1).
23
Let s(d) = -8*d**3 - 5*d**2 + 9*d - 27. Give s(3).
-261
Let a(b) = 9335*b - 121347. What is a(13)?
8
Let j(c) = -c**2 + 8*c + 50. Give j(12).
2
Let n(o) = -97*o + 166. Give n(6).
-416
Let g(o) = -576*o + 27031. Calculate g(47).
-41
Let o(u) = 4302*u + 34431. Give o(-8).
15
Let a(m) = -m**3 - 12*m**2 - 23*m - 4. What is a(-10)?
26
Let a(l) = 4683*l + 28094. Calculate a(-6).
-4
Let a(o) = o**3 - 16*o**2 + 24*o + 12. What is a(2)?
4
Let i(d) = 6*d**2 - 30*d - 30. Give i(-1).
6
Let b(w) = -657*w - 4566. Calculate b(-7).
33
Let n(t) = -t**2 + 93*t - 901. Calculate n(11).
1
Let k(r) = -r + 75. Calculate k(10).
65
Let i(x) = x**3 + 12*x**2 - 93*x - 10. Calculate i(-17).
126
Let k(g) = -g**3 - 50*g**2 + 10*g + 419. Give k(-50).
-81
Let q(i) = -233*i - 1125. Determine q(-5).
40
Let m(w) = 20*w - 459. What is m(23)?
1
Let z(h) = -h**3 - 21*h**2 - 45*h - 151. What is z(-19)?
-18
Let k(u) = 49*u**2 + 72*u + 319. What is k(-4)?
815
Let f(n) = -n**3 - 49*n**2 + 27*n - 1197. Give f(-50).
-47
Let p(g) = 53*g**2 - 163*g + 1. Calculate p(3).
-11
Let g(w) = 29*w - 51. Give g(3).
36
Let u(i) = 2*i**3 + 33*i**2 - 19*i - 10. Determine u(-17).
24
Let s(b) = -b**3 + 19*b**2 + 105*b - 863. Give s(22).
-5
Let g(t) = 220*t - 12905. What is g(59)?
75
Let a(w) = -51*w + 674. Calculate a(12).
62
Let z(s) = -189*s - 742. Calculate z(-4).
14
Let x(s) = -24*s**3 - 75*s**2 + 5. Calculate x(-3).
-22
Let z(y) = y**2 + 34*y + 249. Determine z(-24).
9
Let i(f) = -f**3 - 2*f**2 + 11*f - 30. Calculate i(-5).
-10
Let b(q) = q**3 + 9*q**2 - 13*q - 60. Determine b(-10).
-30
Let s(j) = -15*j + 219. Calculate s(18).
-51
Let s(x) = 214*x - 9. Give s(2).
419
Let w(k) = k**3 - 44*k**2 + 3*k - 96. Calculate w(44).
36
Let w(m) = -240*m + 26639. Give w(111).
-1
Let i(q) = -8*q + 61. What is i(12)?
-35
Let s(v) = -3*v**3 + 92*v**2 + 36*v - 121. Determine s(31).
34
Let n(m) = 499*m + 48397. What is n(-97)?
-6
Let h(d) = 990*d + 4949. Give h(-5).
-1
Let f(m) = -117*m + 1766. Give f(15).
11
Let f(s) = -s**3 - 32*s**2 - 87*s + 25. What is f(-29)?
25
Let c(w) = w**3 + w**2 + 117*w + 504. Calculate c(-4).
-12
Let n(l) = l**3 + 20*l**2 + 29*l + 54. Calculate n(-19).
-136
Let c(n) = 50*n**2 + 7*n + 1. What is c(1)?
58
Let f(o) = 2*o**2 - 31*o - 20. Calculate f(15).
-35
Let m(o) = 4*o**2 - 633*o + 28. Determine m(0).
28
Let f(r) = -1212*r + 10908. Calculate f(9).
0
Let f(a) = -132*a + 128. What is f(1)?
-4
Let c(a) = -69*a + 3274. Determine c(47).
31
Let u(s) = -24*s + 221. Determine u(10).
-19
Let q(j) = -4*j**2 - 42*j - 144. Calculate q(-9).
-90
Let v(f) = f**2 - 36*f - 970. What is v(-18)?
2
Let o(j) = 5*j**2 - 10*j - 11. Give o(6).
109
Let m(w) = -w**3 - 14*w**2 - 20*w + 47. What is m(-12)?
-1
Let c(k) = -16*k + 967. Give c(44).
263
Let c(q) = -3*q**2 - 73*q + 317. Give c(-34).
-669
Let a(n) = -n**3 + 2*n**2 + 34*n - 42. Determine a(7).
-49
Let u(n) = -n**2 + 454*n + 33. Give u(0).
33
Let g(x) = 83*x + 508. Calculate g(-6).
10
Let n(b) = b**3 + 6*b**2 - 641*b - 4440. Determine n(-7).
-2
Let g(h) = 11*h + 30. Calculate g(-7).
-47
Let k(t) = -74*t**2 + 12*t - 26. Give k(2).
-298
Let v(i) = i + 40. Give v(-41).
-1
Let r(m) = -59*m + 295. Give r(13).
-472
Let p(q) = 7*q - 11. What is p(16)?
101
Let z(w) = w**3 - 10*w**2 - 68*w + 99. Calculate z(14).
-69
Let b(h) = -3*h**2 + 16*h + 277. Determine b(-10).
-183
Let o(s) = -s**3 + s**2 + 22*s + 13. What is o(-6)?
133
Let y(p) = -168*p - 1051. Give y(-6).
-43
Let y(u) = 473*u - 3780. Calculate y(8).
4
Let v(s) = 43*s**2 + 505*s - 120. Determine v(-12).
12
Let n(w) = 202*w - 257. Determine n(2).
147
Let f(o) = 4*o**2 - 932*o + 5437. Give f(6).
-11
Let l(d) = 388*d + 10094. Determine l(-26).
6
Let z(u) = 4*u + 94. Calculate z(-39).
-62
Let w(t) = -4*t + 142. Calculate w(26).
38
Let u(d) = d**3 - 40*d**2 - 25*d + 965. What is u(40)?
-35
Let d(j) = -j**3 + 23*j**2 - 34*j + 8. Give d(6).
416
Let a(y) = 4778*y + 19112. What is a(-4)?
0
Let g(z) = -36*z - 40. Calculate g(-5).
140
Let b(q) = -3*q**2 + 29*q - 13. Give b(6).
53
Let m(j) = 20*j - 216. Give m(12).
24
Let a(x) = 4*x**2 - 1130*x - 1697. Determine a(284).
7
Let i(a) = -a**2 + 631*a + 13. Calculate i(0).
13
Let t(m) = -13*m + 85. Give t(9).
-32
Let d(z) = -3*z**3 + 227*z**2 + 103*z - 1950. What is d(76)?
102
Let t(h) = 23*h + 737. Give t(-35).
-68
Let t(w) = 153*w - 228. Determine t(2).
78
Let q(y) = y**3 - 93*y**2 - 921*y - 17. Determine q(-9).
10
Let h(w) = -w**3 + 11*w**2 + 9. Determine h(6).
189
Let s(f) = -8*f**2 + 58*f + 104. Give s(8).
56
Let h(b) = -b**3 - 7*b**2 - 13*b - 74. What is h(-7)?
17
Let a(o) = -4*o - 69. What is a(28)?
-181
Let b(d) = 84*d + 306. Give b(-4).
-30
Let g(c) = 321*c + 3374. Calculate g(-10).
164
Let i(g) = 16*g**2 + 421*g - 282. Give i(-27).
15
Let c(a) = -3*a**3 + 215*a**2 - 144*a + 69. Calculate c(71).
-73
Let x(z) = -z**3 + z**2 + 36*z + 44. What is x(-8)?
332
Let x(t) = t**2 + 794*t + 4733. What is x(-6)?
5
Let z(c) = 81*c + 4684. Calculate z(-58).
-14
Let y(f) = f**3 - 8*f**2 + 8*f - 33. Determine y(6).
-57
Let g(m) = -3*m**3 - 72*m**2 + 25*m - 96. Determine g(-24).
-696
Let q(b) = 2*b**2 + 14*b + 110. Give q(-13).
266
Let p(w) = -11*w - 248. Determine p(-25).
27
Let x(y) = y**2 - 61*y + 927. Determine x(32).
-1
Let j(t) = -t**3 + 10*t**2 - 27*t + 30. Calculate j(6).
12
Let u(z) = -2*z**2 + 81*z - 525. Give u(8).
-5
Let g(y) = y**3 + 41*y**2 - 99. Calculate g(-41).
-99
Let m(s) = 321*s + 3896. What is m(-12)?
44
Let p(c) = -162*c + 846. Determine p(5).
36
Let g(k) = k**3 - 7*k**2 - 9*k + 67. What is g(5)?
-28
Let r(b) = 18*b**2 + 132*b + 243. What is r(-3)?
9
Let j(p) = 12*p - 49. What is j(13)?
107
Let k(x) = -475*x - 1438. Determine k(-3).
-13
Let f(l) = l + 115. Calculate f(-26).
89
Let m(s) = -32*s**2 + 964*s + 20. Calculate m(30).
140
Let z(y) = 200*y**3 + 1200*y**2 - 4*y - 4. Calculate z(-6).
20
Let x(a) = 174*a + 8575. Determine x(-48).
223
Let f(j) = -67*j + 31. Give f(3).
-170
Let j(o) = -o**3 - 93*o**2 - 91*o + 119. Determine j(-92).
27
Let g(b) = 19*b**3 + b**2 - 7*b + 6. Determine g(1).
19
Let b(u) = -31*u - 1879. Give b(-57).
-112
Let t(m) = m**3 - m**2 - 112*m - 5. What is t(-7)?
387
Let u(z) = -z**2 + 25*z - 87. Calculate u(21).
-3
Let z(d) = 112*d - 4160. What is z(37)?
-16
Let b(p) = 16*p + 65. Give b(4).
129
Let v(a) = -188*a - 598. What is v(-4)?
154
Let f(l) = l**2 + 8*l - 256. Calculate f(0).
-256
Let t(a) = -7*a**2 + 123*a - 2. What is t(18)?
-56
Let g(x) = x**3 + 14*x**2 - 40*x - 389. What is g(-15)?
-14
Let c(n) = -686*n + 2746. Determine c(4).
2
Let d(l) = 463*l + 53250. Calculate d(-115).
5
Let v(h) = h**2 + 2*h + 25. Give v(-7).
60
Let w(z) = 12*z + 821. Calculate w(-59).
113
Let x(p) = 3*p**3 - 168*p**2 - p + 54. Give x(56).
-2
Let k(j) = -11014*j - 88116. What is k(-8)?
-4
Let r(i) = -i**3 - 6*i**2 + 14*i + 45. What is r(4)?
-59
Let g(m) = m**3 + 7*m**2 - 143*m - 1098. What is g(-8)?
-18
Let m(y) = -119*y - 402. Determine m(3).
-759
Let h(o) = 108*o - 1818. Calculate h(17).
18
Let w(r) = 101*r**2 + 1832*r + 257. Give w(-18).
5
Let m(l) = l**3 + 5*l**2 + 20*l - 8. What is m(-5)?
-108
Let z(x) = -43*x - 182. What is z(-6)?
76
Let q(l) = -l**2 + 22*l + 323. Determine q(33).
-40
Let g(b) = -3*b**3 - 37*b**2 - 5*b + 97. What is g(-12)?
13
Let d(n) = 114*n - 579. Give d(5).
-9
Let h(x) = x**2 - 415*x - 6446. Determine h(-15).
4
Let m(a) = -a**2 - 20*a - 91. Determine m(-10).
9
Let m(z) = z**3 - 49*z**2 + 83*z + 301. Give m(47).
-216
Let q(c) = -39*c**2 + 439*c + 345. What is q(12)?
-3
Let o(a) = a**3 + 16*a**2 - 134*a - 53. What is o(-22)?
-9
Let z(w) = -w + 40. What is z(-17)?
57
Let z(k) = k**2 - 47*k + 131. Calculate z(44).
-1
Let x(h) = 19*h - 107. What is x(-20)?
-487
Let c(w) = -8*w + 829. What is c(104)?
-3
Let c(q) = -13*q**2 + 343*q + 95. Give c(25).
545
Let q(n) = 43*n + 1232. Give q(-27).
71
Let u(g) = 147*g + 5047. Give u(-34).
49
Let k(i) = -i**2 + 23*i - 137. What is k(13)?
-7
Let t(x) = -24*x - 50. What is t(6)?
-194
Let k(g) = g**2 - 16*g + 18. Determine k(15).
3
Let v(a) = 661*a + 656. What is v(-1)?
-5
Let u(t) = t**2 + 20*t - 50. Calculate u(-23).
19
Let h(t